-836)/(-6). Let o = 355 + m. Is o prime?
False
Let g(b) = 39*b**2 + 6*b - 7. Let i = 17 + -23. Is g(i) composite?
False
Let i(n) = -2*n**3 - 10*n**2 - 10*n - 3. Let z be 0/(-4*3/6). Suppose -4*c = -2*f - 2, -5*f + z*f - c = 38. Is i(f) a composite number?
False
Suppose -72236 = 33*f - 37*f. Is f composite?
False
Let r(f) = -19*f**3 - f**2 + 1. Let h be (-2)/13 - (-67)/13. Suppose -n = -h + 6. Is r(n) prime?
True
Suppose 0 = -5*y - 15, 0 = -0*u - 2*u - 5*y + 271. Is u a prime number?
False
Let b = 2266 - -2517. Is b a composite number?
False
Let a(s) = s**3 + 10*s**2 + 4*s - 8. Let j = -105 - -98. Is a(j) a prime number?
False
Suppose -14861 = -2*j - h, 2*h = 7*j - 6*j - 7443. Is j prime?
True
Suppose -5*p + 5 = -5. Suppose p*v - 707 - 369 = 2*s, 3*v = -3. Let a = s + 958. Is a composite?
False
Is 4/(40/15)*(483 - 5) a prime number?
False
Let w(j) = j**3 + 28*j**2 - 22*j + 106. Is w(-13) a composite number?
False
Suppose 3*c - 360 = -0*c + 3*z, 0 = -2*c + 3*z + 245. Suppose p + 86 + c = 0. Let v = p - -436. Is v prime?
False
Let z be (0 - 3)*(230 - -1). Let k = 1438 + z. Is k a composite number?
True
Suppose 9*u - 4*u = -5*i + 50, 0 = 2*i - u - 20. Let x = i + -10. Suppose 5*z + 825 = 5*p, x = 2*p + p - z - 497. Is p prime?
False
Let t(w) = -9*w**3 + 9*w**2 + 4*w - 9. Is t(-7) a composite number?
False
Let p be 101862/(-10) + (-2)/(-10). Is (-6)/8 - p/88 prime?
False
Suppose -24 = -5*g + 1. Suppose 2*d - 2520 = -g*r, 9*r - 4*r - 3775 = -3*d. Is d prime?
False
Let x(y) = -y**3 + 7*y**2 - 10*y. Let s be x(5). Suppose 0 = 2*i - p - 3806 + 2, -4*i - 2*p + 7600 = s. Is i prime?
True
Is 6/(-27)*-18 + (-19383)/(-1) a prime number?
True
Let r = -41949 + 79102. Is r a prime number?
False
Let o = 3 - 2. Let q be 2*716/(o - 0). Is 24/56 + q/7 prime?
False
Let w = 26013 + -11654. Is w composite?
True
Let b(o) = 216 + 0*o + 627 - 3*o + 4*o. Is b(0) a prime number?
False
Let x be ((-12)/9)/4 + (-6)/(-18). Let r(t) = t + 4. Let b be r(0). Suppose b*o - 2*o - 254 = x. Is o a prime number?
True
Let b = 1724 + -598. Suppose -5*m + b = 2*h, -280 = -3*h + m + 1375. Is h prime?
False
Suppose -2*q + 3482 = 2*f - 4*f, -5*f - 1741 = -q. Is q composite?
False
Let m(i) be the third derivative of -9*i**6/10 + i**5/30 + 5*i**3/6 - 16*i**2. Is m(-3) a prime number?
True
Suppose -4*i + 2*t + 2228 = -8*i, 4*t - 8 = 0. Let w = 1085 + i. Is w composite?
True
Suppose 0 = 1373*c - 1384*c + 38401. Is c a prime number?
True
Let m(z) = 2*z**2 - 8*z + 7. Let c be (1 - 5) + 4 + 6*-2. Is m(c) a prime number?
False
Suppose -3*q = 6, 0 = -p + q - 0*q + 1363. Is p prime?
True
Suppose -4 = -6*w + 2. Is 201*w/((-6)/(0 - 2)) prime?
True
Suppose -2*t + 5*k + 52 = 2, -5*t - 2*k = -96. Let q be t/8*(-56)/(-20). Let x(r) = 10*r + 12. Is x(q) prime?
False
Let x = 48289 + -20372. Is x a composite number?
False
Suppose -5*m = 5*g - 105, -g = -m - 5*g + 12. Let t = m - -202. Is t prime?
False
Suppose 1156*l = 1163*l - 42035. Is l a composite number?
True
Let u = 78 + -83. Is u - (6 - 13) - (-919 - 0) a prime number?
False
Let l = 2295 + 1364. Is l a composite number?
False
Let z = 15 + -19. Let g(u) = -u**2 - 4*u + 5. Let n be g(z). Is 20/8*28/n composite?
True
Suppose -5*k - 2*t = -237847, 4*k - 7*t - 190273 = -4*t. Is k a prime number?
True
Let r(u) = 9*u**3 - 18*u**2 - 24*u - 2. Let w(m) = 5*m**3 - 9*m**2 - 12*m - 1. Let p(b) = 4*r(b) - 7*w(b). Let n be p(10). Is (-1359)/(-21) + (-6)/n prime?
False
Is -15 + 44371 + 5*(-9)/(-15) prime?
False
Suppose 38409 = l - 4*d, 4*l + 53*d - 153614 = 58*d. Is l a composite number?
True
Let k(c) = 3*c**2 - 4*c + 3. Let j be k(2). Suppose -3*q - 227 = -5*p, 3*p - 2*q - j = 130. Is p prime?
True
Suppose 22161 + 50874 = 27*f. Is f a composite number?
True
Let i(z) be the first derivative of 6*z**3 - 7*z**2/2 - 19*z + 26. Is i(-6) composite?
True
Is (-9 + 11)*(-1070)/(-4) prime?
False
Let p(u) = -u - 1. Let n be p(-2). Suppose -24 = -5*t + n. Suppose 3*o = t*y + 74, -3*o + 89 = 4*y - 6*y. Is o a prime number?
False
Is 0 + 16753/7 - 58/203 a prime number?
True
Let n be (-2886)/(-42) - 2/(-7). Suppose n = 3*c + 2*y, 0*y = 4*c + 5*y - 92. Suppose -k = -c - 3. Is k composite?
True
Suppose 0 = -3*s - 2*h + 22, 4*s - 18 = -5*h + 2. Is 2 - 145/s*-2 a prime number?
True
Let x be (27 - 0) + 1/1. Suppose 3168 = -8*r - 2248. Is r/(-7) + x/98 a prime number?
True
Let a(r) = 2*r**2 + 2*r - 6. Let n = 1 + 7. Let h be a(n). Suppose -95 = -v + h. Is v a composite number?
False
Let m(a) = 4*a**3 - 2*a**2 + 3*a - 2. Let h be m(1). Let n = 116 + h. Is n composite?
True
Let w = -581 - -183. Is w/4*(-4 - -2) a composite number?
False
Is (-1062992)/56*(-1)/2 prime?
True
Suppose -379484 = -13*a - 15*a. Is a a prime number?
True
Let s(w) be the second derivative of 4*w**3/3 - 97*w**2/2 - 3*w - 3. Is s(23) prime?
False
Suppose -4*p + 4 = 0, -b + 6*p = p - 84966. Is b composite?
True
Is (-13892686)/(-1312) + (-1)/(-16) a composite number?
False
Let c(t) = 5 - 180*t - 1 - 21 - 770*t. Is c(-3) a prime number?
True
Suppose v = -3 + 6. Let b(l) = 6*l**2 + 1 - 2*l - l + 0*l**2. Is b(v) a composite number?
True
Let c = 77140 + -36273. Is c composite?
False
Let o = 559 + 602. Let f = -688 + o. Let t = f - 6. Is t a prime number?
True
Let z(a) be the first derivative of a**4/4 + 2*a**3/3 - a**2 - 2*a + 3. Let m be z(-2). Suppose 34 + 32 = m*w. Is w a composite number?
True
Let u = -42 - -27. Is 8812/7 + u/(-105) prime?
True
Suppose 7*y = 35056 + 27363. Is y a composite number?
True
Suppose 0*d = 3*d. Suppose -3*u - 106 = -c, d*c + u + 369 = 4*c. Suppose -4*l = 4*q - 332, -6*q + l + c = -5*q. Is q composite?
True
Is (6/(-60))/(2/1336)*-5 prime?
False
Suppose 0*p + g = -4*p - 149, 0 = 4*g + 20. Let z = 39 + p. Suppose z*j = -0*j + 273. Is j a prime number?
False
Let s(v) = -v**2 + 10*v - 10. Let g be s(9). Is (5 + g + 3)*59 prime?
False
Let o(u) = -10*u**3 + 4*u**2 + 5*u - 10. Is o(-5) prime?
False
Let j(z) = -2*z - 29. Let u be j(6). Let p(o) = 59*o**2 + o. Let r be p(1). Let c = u + r. Is c a composite number?
False
Let z(q) = 584*q**2 + 28*q - 5. Is z(-6) prime?
False
Let r = 10514 + -369. Is r a composite number?
True
Let a = 2198 + -1418. Is (-2 - a)/(-2 - 0) a prime number?
False
Let f be -213*(2 - 15/9). Let x = 406 + f. Is x prime?
False
Suppose 4852 = 2*q + 3*u + 1173, 3*q - 5524 = u. Is q a composite number?
True
Let d(x) = -50*x + 19. Is d(-35) composite?
True
Is 1*((-8)/(-68) - 14733/(-51)) a composite number?
True
Let s = 825 + 439. Suppose -429 = -v + s. Is v a composite number?
False
Let z(p) = 4*p**3 + 3*p**2 + p - 2. Let d be z(4). Let h = -142 + d. Suppose 399 = 4*q + q - 2*i, 2*q = 3*i + h. Is q a composite number?
False
Let r be ((2 - -4)/(-3))/1. Let j(c) = -2*c**3 - 4*c**2 - 4*c - 2. Let h be j(r). Is 330 + h/(-4)*2 a prime number?
False
Suppose -423*w - 12244 = -427*w. Is w prime?
True
Let s(w) = 3090*w + 19. Is s(5) a prime number?
False
Let f(x) = 318*x**3 - 13*x + 14. Is f(1) composite?
True
Let p(s) be the third derivative of s**5/30 + 23*s**4/24 + 7*s**3/3 - 17*s**2. Is p(-15) prime?
False
Let r be (-2 - -44)*12/18. Suppose 5*t + 0*t + 3*k - r = 0, 3*t = -2*k + 17. Suppose -135 = t*c - 425. Is c prime?
False
Suppose 0*i - i = 2*k + 2985, 0 = i - 5*k + 3020. Is 2/(-3) + i/(-15) prime?
True
Suppose 4 = i + 1. Let q be (-4 - -1)*20/i. Is (-450)/q - 1/(-2) a prime number?
True
Suppose 3*k + 11 = 4*s, -13*s + 17*s + 2*k - 26 = 0. Let l = 1 + -1. Suppose -s*p - 119 + 2154 = l. Is p composite?
True
Let d = 4487 + -2728. Is d a prime number?
True
Suppose 4*y + 43 + 117 = 0. Is (-55950)/y + 2/8 a prime number?
True
Suppose -12 = 3*y - 5*k + 2*k, -2*y - 4 = -k. Suppose -3 = -5*h - 4*c - 1, -h - 5*c - 8 = y. Let x = 16 - h. Is x a composite number?
True
Let k(j) = 13*j**3 + 5*j**2 - 2*j - 3. Let x be k(3). Suppose -10 = -5*d, 0*r + d = -2*r + 42. Let s = x + r. Is s a composite number?
True
Let s = 21 - 12. Is 526330/126 - 2/s a composite number?
False
Let i(l) = 18*l**3 - l**2 + 2*l + 4. Let n = -21 + 28. Suppose -n*j + 11*j = 12. Is i(j) prime?
True
Let k(d) = d**2 - 5. Let b = 14 - 14. Let w be k(b). Let f = 116 + w. Is f a prime number?
False
Let c = -65 - -37. Let s = -133 - -137. Is (-4417)/c + 1/s a composite number?
True
Let i(o) = o**3 + 16*o**2 + 15*o + 34. Let l be i